he greatest common divisor of o and z?
14
Let m(k) = 3*k**2 + 8*k + 4. Let q(p) = 7*p**2 + 15*p + 7. Let v(o) = -5*m(o) + 2*q(o). Let l be v(-7). What is the greatest common factor of l and 135?
15
Suppose 2*d - 4 = 0, a + 3*d - 22 = 2*d. What is the greatest common divisor of 4 and a?
4
Let n = -63 + 113. What is the highest common factor of 10 and n?
10
Let n be 1/(10/(-4) - -2). Let b be 2 + -2 + (97 - n). Let h be ((-2)/3)/(2/(-27)). Calculate the highest common factor of b and h.
9
Let b = 6 - 5. Let q be 1 - ((0 - b) + -2). What is the highest common divisor of q and 1?
1
Suppose 0 = n - 2*i - 5, -3*n = -2*n + 5*i + 9. Let a = 123 + -86. Let f = a + -26. Calculate the greatest common divisor of n and f.
1
Let h be (-21)/15 - (-3)/(-5). Let l = 8 - h. Calculate the highest common divisor of 60 and l.
10
Let j(m) = m**2 - 7*m - 1. Let i be j(6). Let x = i - -12. What is the greatest common divisor of 25 and x?
5
Let f be 2 + -2 - -2 - -31. What is the greatest common divisor of f and 22?
11
Let z = -14 + -6. Let q be (-58)/(-5) - 8/z. Calculate the highest common factor of 132 and q.
12
Suppose 4*r - 556 = -4*a, 413 = 5*a - 5*r - 322. Calculate the highest common divisor of a and 13.
13
Suppose 11*d = 6*d + 150. What is the highest common factor of 60 and d?
30
Let s(p) = 21*p + 4. Let c be s(1). What is the greatest common divisor of 25 and c?
25
Suppose 172 = 6*s - 308. Calculate the greatest common divisor of 60 and s.
20
Let v be 5*((-128)/(-10) - 2). Let n be (-6)/4*48/(-24). Suppose -5*f = k - 41 - 36, -n*f + v = -2*k. Calculate the greatest common divisor of f and 112.
16
Let d(f) = 4*f + 2. Let w be d(-5). Let p be (w - -6)*(-22)/6. What is the highest common factor of 11 and p?
11
Let m(s) = s**3 + 4*s**2 - 4*s - 5. Let k be m(-4). Calculate the greatest common factor of 33 and k.
11
Let n be 0 + (74 - (4 - 5)). Let a = n - 36. What is the greatest common factor of a and 13?
13
Let m be (-1)/(3/(-36)*-2). Let s be (-394)/(-6) + 4/m. Suppose 3*j = -2*o + s, -5*j - 4*o = -17 - 92. Calculate the highest common factor of j and 147.
21
Let n(m) = -m**3 - 9*m**2 + 1. Let x be 3 + (7 - 3)*-3. Let b be n(x). What is the highest common factor of 1 and b?
1
Let z be 1*0*1/4. Suppose -j - 3*u + 5 + 2 = z, -3*j - 4*u = -21. Calculate the greatest common divisor of 49 and j.
7
Let z be (-9)/15 - (-152)/(-5). Let c = z - -46. What is the greatest common divisor of c and 75?
15
Suppose 4*x = -j - 0*j + 15, 3*x - 35 = 4*j. Suppose 1 + 7 = -2*t, 184 = 3*v + x*t. Calculate the highest common factor of 17 and v.
17
Let l(z) = -2*z**2 + 26*z - 5. Let x be l(12). Let g be -1*(4*76)/(-2). Calculate the greatest common factor of g and x.
19
Suppose -h + 3*h + 3*c - 24 = 0, 4*h + 3*c = 42. Suppose i + 69 = 4*i. Suppose 5*w = 5*a + 2*w - 105, a = w + i. What is the greatest common divisor of a and h?
9
Suppose j = -3*i + 29, 5*j = -10 + 35. Calculate the highest common divisor of i and 88.
8
Let d be (-4)/14 + (-576)/(-56). Calculate the greatest common divisor of d and 20.
10
Let l be 132/165*(-110)/(-2). What is the highest common factor of l and 99?
11
Let w(b) = -4*b + 3. Let a be w(-3). Let n = a - 5. Let u be ((-4)/10)/(3/(-525)). Calculate the greatest common factor of u and n.
10
Suppose 3*u - 3*w = 12, -2*u + w + 5 = -2. Let n be -1 + (1 - 2/(-2)). Let l be 0 + n + -1 - -6. What is the highest common factor of l and u?
3
Let w be (-14)/(-21)*(-345)/(-2). Suppose 2*s - w = 165. What is the greatest common divisor of 20 and s?
20
Let a be 11 - 1/(3/9). Let p(g) = -g**2 + 9*g - 6. Let i be p(a). What is the greatest common divisor of i and 22?
2
Let b(c) = c + 6. Let k be b(-4). Suppose 0 = 5*h + 2*z - 27, -2 = -h + z + k. Let r = h + -4. Calculate the greatest common divisor of r and 1.
1
Let a = -16 + 16. Suppose -q + a*i = -4*i - 13, -3*q + 71 = 4*i. What is the highest common factor of q and 3?
3
Let x be ((-1)/(-2))/(5/60). Suppose 2*m - 3*m + 9 = 0. Calculate the highest common divisor of x and m.
3
Suppose -115 = 23*c - 28*c. Calculate the greatest common factor of c and 92.
23
Let o = 132 - -23. What is the highest common divisor of 31 and o?
31
Suppose 3*q - 37 = -4*d, 0 = -2*q - 2*q + 5*d + 8. What is the greatest common factor of q and 1?
1
Suppose f = 4*f - 132. Let n = 31 - f. Let y = n - -22. Calculate the highest common divisor of y and 27.
9
Suppose 0*z = 4*z - 56. Suppose -5*y + 10 = 0, 4*x + 6*y + z = y. Let m be 30/(-4)*52/x. Calculate the highest common factor of 13 and m.
13
Let q be (-3)/((-75)/5380) + (-2)/10. Calculate the greatest common divisor of q and 43.
43
Suppose -10 - 70 = -2*u. Suppose 3*o + 29 = 2*w, 0*w + 3*o - 21 = -3*w. What is the greatest common divisor of u and w?
10
Let y(b) = 2*b**3 + b**2 - 2*b + 1. Let q be y(2). Let j = -13 - -200. What is the highest common factor of q and j?
17
Let g(m) = m + 1. Let a be g(1). Suppose 3 = r + 2. What is the highest common divisor of a and r?
1
Suppose 261 = 3*b - 54. Suppose 2*g + 9 = -0*x + x, -x = -4*g - 3. Calculate the highest common divisor of b and x.
15
Let p = 11 - 7. Let c(q) = q**3 - 4*q**2 + q + 5. Let b be c(p). What is the greatest common factor of 81 and b?
9
Let h = 10 + 0. Calculate the highest common divisor of 5 and h.
5
Suppose -6*y = 5*m - 2*y - 116, 2*m - 4*y = 24. Let s(d) = d**3 - 3*d**2 + 3*d + 1. Let l be s(3). What is the highest common divisor of m and l?
10
Suppose -14*l - 18 = -16*l. Suppose -2*d + l = d. Calculate the greatest common factor of d and 12.
3
Let c = 9 - 3. Suppose 0 = -5*k - 3*a + 25, -5*a = -k - c*a + 3. What is the highest common divisor of k and 12?
4
Suppose 4*i + 11 = 4*y - 25, 0 = 2*y + 2*i - 26. Let w = y + 5. What is the highest common factor of 40 and w?
8
Suppose 0*t - 2*t + j = -14, 5*t - 3*j - 37 = 0. Let l be 75/(-10)*(-12)/t. Let o = l - -2. Calculate the highest common factor of 220 and o.
20
Suppose n - z = -2*z + 2, 2*n - 2*z = 8. What is the highest common divisor of 21 and n?
3
Suppose 4*u + 0 = 20. Calculate the greatest common factor of u and 25.
5
Suppose 4*c - 176 = -4*t, 5*c - 4*c - 232 = -5*t. Calculate the greatest common divisor of t and 235.
47
Suppose -21 = 4*k - 441. Suppose -4*i - 3*j = -k, 4*i + 3*j + 2*j = 95. What is the highest common divisor of i and 12?
6
Suppose 0 = -r - 5 + 8. Calculate the greatest common divisor of 9 and r.
3
Let i be 462/2 - 0*1/5. Suppose -5*a - 2*y + 12 = 0, -4*a = a - 4*y - 36. Let w be ((-21)/(-2))/(a/8). What is the highest common factor of w and i?
21
Let o(b) = -b**3 + 7*b**2 - 10*b. Let w be o(4). What is the highest common factor of w and 8?
8
Suppose -s - 2*t + 7*t + 7 = 0, -3*t = 5*s - 7. Let c(f) = 3 - 1 - 2 - 2*f + s. Let d be c(-4). Calculate the highest common factor of 1 and d.
1
Let q(s) = 2*s**3 - 2*s**2 + s. Let r be q(1). Let w be (32 + -1 - r)*2. What is the greatest common factor of w and 10?
10
Let f be 9/12 - 100/(-16). What is the highest common factor of 77 and f?
7
Let s be (-1)/((-3)/(-2))*-12. Let r be (-2 + 4)*2*s. What is the greatest common factor of r and 16?
16
Let s = -104 + 144. Calculate the highest common divisor of s and 100.
20
Let s(f) = -f**2 + 6*f - 2. Let g be s(6). Let y be 1/((-3)/(-78)) + g. Calculate the greatest common factor of 16 and y.
8
Let u be 3/(-12) - (-49)/4. Calculate the greatest common divisor of u and 132.
12
Let s be (-2)/(-5) - (-2)/(-5). Let n be (-1 - (s + 0))*-112. Let q be -7*2*6/(-6). What is the greatest common factor of q and n?
14
Let i(p) = -p**2 + 9*p + 13. Let z be i(10). Suppose z*j = 4*j - 2*c - 22, -3*c = -2*j + 49. What is the highest common factor of j and 16?
16
Let q = 11 + -1. Let h be (-2)/6*(-5 + -1). Suppose 4*x = -g + q, -3*g - x - h*x = -21. Calculate the highest common divisor of g and 6.
6
Let f = -92 - -218. Calculate the greatest common factor of 14 and f.
14
Let k(u) be the third derivative of 7/6*u**3 + 0*u - u**2 + 0 + 1/24*u**4. Let h be k(0). Calculate the greatest common divisor of h and 49.
7
Let j = 14 + 0. Suppose p = j + 3. What is the highest common factor of p and 68?
17
Suppose -3*g = -6*g + 54. Suppose s + 4*u = -g, -3*u - u - 14 = 3*s. Suppose 110 = s*v + 20. What is the highest common factor of v and 18?
9
Suppose z + 5*m - 26 = 3*m, -2*z = -3*m - 73. Suppos